y). Calculate g(x).
8
Let h(q) be the first derivative of -q**4/4 - 22*q**3/3 - 10*q**2 + 7*q - 1771. Give h(-21).
-14
Let d(v) be the third derivative of -v**6/120 + v**5/60 - v**4/12 - 168*v**2. Calculate d(1).
-2
Let a(s) be the second derivative of -s + 2*s**2 - 2*s**3 - 11/12*s**4 - 1/20*s**5 - 1. What is a(-10)?
24
Let r(j) = 3*j**2 + 1. Suppose w = 0, -3 - 3 = -3*z + w. Suppose -5*y + 2 = -5*u - 18, -z*y + 17 = -5*u. Give r(y).
4
Suppose 0 = -0*n + 6*n - 12. Suppose 0 = -2*g + 3*u + n, 5*g + 20 = -4*u + 2. Let l(i) = -3*i**2 - 2*i - 3. Calculate l(g).
-11
Let s(c) be the first derivative of c**4/4 + 5*c**3/3 - 15*c**2/2 - 54*c - 6268. Calculate s(-3).
9
Let l(q) = q**2 - 66*q - 12 + 75*q - 2*q**2 + 2. Let x be l(5). Let h be (-4)/x + (-132)/(-55). Let r(n) = n**3 - 3*n**2 + 2*n - 3. Give r(h).
-3
Let b be ((-5984)/55)/(-16) - (-66)/55. Let f(p) = 2*p**2 - 44*p + 215. Determine f(b).
-9
Let t(v) = 0 - v**2 + 3 + 1. Suppose 2*n = -2*c + 573 + 671, 5*c - 1250 = -2*n. Let f = n + -623. Determine t(f).
-5
Suppose 0 = 24*y - 19 - 29. Let p(w) = -7 - 696*w**y + 4*w + 0 + 695*w**2 - 9*w - 9*w. Give p(-13).
6
Let c(f) = -12*f - 56. Let q(g) = -6*g - 33. Let r(m) = 2*c(m) - 5*q(m). Give r(-9).
-1
Let q(t) = -t**3 + 13*t**2 - 7*t + 26. Suppose 39 = 5*l + 4*c - 10, -c = -l + 17. Give q(l).
-65
Let o(j) be the third derivative of 0*j**3 - 1/6*j**4 - 1/15*j**5 - 1/120*j**6 + 0 - 89*j**2 + 0*j. Determine o(-3).
3
Let d(r) = 2*r**2 + r + 1. Let l(g) = 2*g**2 + 16*g - 1. Let i be l(-8). Let h be (2 + i)/(4 + 295/(-75)). Suppose -h*f + 15 = -20*f. What is d(f)?
16
Let g = -8 - -13. Suppose -17 = g*c + 8. Let y(u) be the first derivative of -u**4/4 - 5*u**3/3 + u**2/2 + 4*u + 890. Give y(c).
-1
Suppose 0 = -10*b - 1674 - 1106. Let t = 283 + b. Let g(o) = o**3 - 4*o**2 + 6. Give g(t).
31
Let h(a) be the third derivative of a**4/24 + 5*a**3/6 - 2*a**2. Let d be 32/(-6)*(-66)/(-88). Calculate h(d).
1
Let g(k) be the first derivative of -k**4/4 + 7*k**3/3 + k**2 - 2*k - 1793. What is g(7)?
12
Let g(m) = 3 - 21*m + 4*m + 5*m + 3*m + 7*m. Let b = 33 - 36. What is g(b)?
9
Let h(c) = 3*c**2 + 17*c - 10. Suppose -5 - 12 = 2*u + 5*p, -p = 1. Give h(u).
-4
Suppose -123*w + 92*w = -279. Let n(i) = 4*i - 42. Calculate n(w).
-6
Let t(q) be the second derivative of q**5/20 - 11*q**4/12 + q**3/6 - 12*q**2 - 1074*q. Calculate t(11).
-13
Let v(h) = 5. Let g(d) = d - 21. Let n(o) = -g(o) - 4*v(o). Suppose 39 = y + 9. Suppose -5*t + 0*t - y = 0. Calculate n(t).
7
Suppose -k = 21 - 7. Let i(a) = -a**3 - 13*a**2 + 13*a - 11. Determine i(k).
3
Let g be (63/(-2058)*-14)/(1/7). Let d(j) = 4*j**3 - 2*j**2 + 2 - 5*j**3 + 6*j**2 - 2*j. Determine d(g).
5
Let q(x) = 2*x**2 + 3*x. Let t be q(-2). Let l be (-1)/(-1) + 1 + 23 + -23. Let c(k) = 4*k - 2*k**2 + 4 - 6 - k**l. What is c(t)?
-6
Let k(a) = -a**2 + 28*a - 145. Let i be k(15). Let w(o) = i*o + 14 + 50*o - 99*o. What is w(0)?
14
Suppose -53*t - 4 + 36 + 21 = 0. Let d(x) = 5*x**3 - x**2 + 6*x - 6. Give d(t).
4
Let t(g) be the third derivative of 1/24*g**5 - g**3 + 0 - 9*g**2 - 1/6*g**4 + 1/360*g**6 + 0*g. Let b(y) be the first derivative of t(y). What is b(-5)?
-4
Let m be (9/27)/((-1)/(-9))*-2. Suppose 3*g = 4*g - 9. Let b(s) = -8*s**3 + 16*s**3 - g*s**3 - 5*s**2 + 9*s + 5. Determine b(m).
-13
Suppose -2*u + o - 33 = 0, -34*u + 31*u - 62 = -4*o. Let p(t) = -13*t - 85. Determine p(u).
97
Let f = -4988 - -4984. Let p(y) = 2*y**2 - 5*y - 4. Calculate p(f).
48
Let u(s) = s**2 + 2*s + 1. Let a be 3 + (5 - 11 - -11). Suppose a*b + 25 = 3*b. Determine u(b).
16
Let f(q) be the second derivative of -q**5/20 + 2*q**4/3 + 4*q**2 - q. Suppose -920*g + 10040 = 335*g. Determine f(g).
8
Let s(p) = -3*p**3 + 12*p**2 - 3*p + 8. Let v = 9800 + -9796. What is s(v)?
-4
Let d(c) = -7*c**3 + c**2 - 2*c + 3. Let o be d(2). Let x = o - -57. Let a(t) = -27*t - 3*t**2 + 21*t + x*t**2 + 6. What is a(4)?
-2
Let t(w) = -w**2 - 22*w + 47. Let u be t(2). Let i(n) = 4*n. Let z(c) = c**2 - 13*c + 9. Let j(g) = u*z(g) - 3*i(g). What is j(0)?
-9
Let m(z) = -40*z - 2364. Let r be m(-59). Let t(u) be the third derivative of -u**4/12 - 13*u**3/6 + 13*u**2. Give t(r).
-5
Let r be (-1004)/(-24) - (-50)/(-60). Suppose r*o + 12 + 29 = 0. Let f(y) = -3*y - 3*y**2 + 0*y**2 - 1 + y. What is f(o)?
-2
Suppose 77*j + 36*j = -98*j + 1055. Let i(v) be the third derivative of 0 + 31*v**2 + 0*v - 1/12*v**4 - 5/6*v**3 + 1/60*v**j. Calculate i(5).
10
Let q(k) = 17*k**2 - 9*k - 1. Let m(z) = 2*z**2 - 2*z. Let f(o) = -6*m(o) + q(o). Determine f(2).
25
Let r(f) = f**2 - 8*f + 26. Let p be r(3). Suppose p*l + 15 = 13*l - 5*q, 4*q + 20 = 0. Let h(c) = -c**2 - 8*c - 7. What is h(l)?
8
Let x(k) = k**2 - 6*k + 5. Let n(f) = 12*f + 76. Let s be n(-6). Suppose -2*v - 3*v = -p - s, p = 3*v. What is x(p)?
5
Let i be (-8 + 4)/(-4) + 7. Let h(r) = 13*r - 13*r - 4 + i*r + r**2. Calculate h(-9).
5
Let p(y) = -146*y + 1606. Let w be p(11). Let d(l) = l**2 - 3*l - 4. Let x be d(4). Let t(f) = -f + f + x*f - f. Give t(w).
0
Let p(f) = -f**3 - f**2 + 13. Let y = 18 + -13. Let l be y/(-15)*3*0. What is p(l)?
13
Let u(b) = 3*b**3 - 4*b**2 + 2*b + 3. Let m = 195 - 191. Let v(s) = -4*s**3 + 5*s**2 - 2*s - 4. Let h(d) = m*v(d) + 5*u(d). Give h(2).
-5
Let v(r) be the third derivative of -r**5/60 + r**4/2 + 8*r**2. Let p(k) = -21*k - 114. Let g be p(-6). Give v(g).
0
Let l = 2 - 2. Suppose -2 = -z - l. Let w(m) = -m**z + 61 - 61. Determine w(1).
-1
Let b(w) = w**3 - 10*w**2 - 19*w + 30. Let v be b(12). Let f = v + -99. Let c(q) = 3*q + 22. What is c(f)?
-5
Let t(w) be the second derivative of -w**6/720 - w**5/20 + 3*w**4/4 - w**3/6 + 15*w. Let y(u) be the third derivative of t(u). Give y(-7).
1
Let i(l) = 7*l - 11. Let h(d) = 19*d - 33. Let q(u) = -3*h(u) + 8*i(u). Let s = -43 - -43. Give q(s).
11
Let s(o) = 11*o - 3. Let a(l) = -24*l + 8. Let x(c) = c**2 + 14*c - 30. Let r be x(-16). Let d(w) = r*a(w) + 5*s(w). Give d(3).
22
Let n = 9 - -9. Let x(z) = 11*z**3 - 43*z**2 - 56*z - 8. Let p(u) = 17*u**3 - 65*u**2 - 85*u - 13. Let q(g) = -9*p(g) + 14*x(g). What is q(n)?
-13
Let f(t) = t**3 + 14*t**2 + 13*t + 5. Let p be f(-13). Let l = 7 - p. Let x(a) = a - 9 + 0*a**l - 12*a**2 - a**3 + 6*a - 8*a. Determine x(-12).
3
Let j(f) be the first derivative of -5*f - 112 + 7/3*f**3 - 1/4*f**4 + 1/2*f**2. Determine j(5).
50
Let o(t) = 2*t**2 - 7*t + 4. Let u(i) be the first derivative of -2*i**3/3 + 3*i**2 - 3*i - 9. Let f(l) = -5*o(l) - 6*u(l). Give f(2).
4
Let v(k) = -k**3 - 4*k**2 + k + 1. Let a = 11 + -32. Let i = a - -27. Suppose 0 = -i*n + 4*n - 8. What is v(n)?
-3
Let z(q) be the third derivative of -5*q**4/12 - 4*q**3 + 2*q**2 - 18. What is z(6)?
-84
Let l(n) = -n**2 + 3*n + 4. Let j(y) = -2*y**2 + 13*y + 47. Let r be j(8). Suppose -12 = -4*w + 3*i + r, w - i - 10 = 0. Give l(w).
-6
Let x be (0 + -32 + -1)/(-10 + 7). Let d(a) = -10*a - 12. Let q(t) = -t**2 - t - 1. Let w(b) = -d(b) + q(b). Determine w(x).
-11
Let v(q) = -q**2 - 4*q - 1. Let c(g) = -3*g**3 + 2*g**2 + 3*g - 2. Let w be c(3). Let n = 58 + w. Suppose l + 3 = 5*o - n, 2*o + 10 = -2*l. Determine v(l).
-6
Let o(b) be the third derivative of b**5/12 - 10*b**4/3 - 7*b**3/6 - 6*b**2 + 586*b. Calculate o(16).
-7
Suppose -k + 16 = 3*x, 3*k = 6*k + 2*x - 13. Let u(m) = -k + 5*m + 3 - 3*m. Let q be -48 + (-36 - -71) + (-32)/(-2). What is u(q)?
8
Let z(h) = -h. Let i(v) = -40*v**2 - 19*v + 17. Let t be i(-4). Let r = 546 + t. Determine z(r).
1
Let o(w) = 294 + 45*w**2 - 287 + 2*w - 31*w**2. Give o(3).
139
Let i be 7 + 0 + (-2)/(-2). Let p(q) be the first derivative of -9/2*q**2 + 12*q + 138 + 1/3*q**3. Give p(i).
4
Let c(j) be the second derivative of -28 + 0*j**4 + 0*j**3 - 9/2*j**2 - 1/20*j**5 + j. Calculate c(0).
-9
Let l(w) = w**2 - 7. Let i(c) = 46*c + 176. Let q be i(-5). Let z(g) = -g - 10. Let u be z(0). Let a be q/u + 10/(-25). What is l(a)?
18
Let d(a) = -a**2 - 9*a - 9. Let x = -3472 - -3467. What is d(x)?
11
Let t(s) = 177*s + 108. Let q(n) = 110*n + 72. Let l(a) = -8*q(a) + 5*t(a). Give l(4).
-16
Let p(n) = -2989*n + 1468*n + 18 + n**2 + 1498*n. Determine p(22).
-4
Let c be -10 + (1 - 0)*1. Let v(k) = -10*k**2 + 431 + 438 - k**3 - 1293 - 6*k + 435. Give v(c).
-16
Let w(a) = a**3 + 73*a**2 + 72*a + 5. Let c be w(-72). Let f(b) = 4*b**2 - 16*b - 1